*z + 1009 = q, z = -2*f + 357. Is f composite?
False
Suppose -4*y + 125884 = -2*q, 31489 = y - 9*q + 4*q. Is y prime?
True
Suppose -12*g = -4*g. Suppose -2312 = -3*i + j + 715, g = -4*j. Is i composite?
False
Suppose 2*d - 3*s = 3863 + 5007, -d = -2*s - 4433. Is d a composite number?
False
Let d(p) = 47*p**3 + 0 - p + 3 - 5 + 1. Is d(2) composite?
False
Let n(v) = 67*v + 8. Is n(3) prime?
False
Let h(m) = 1 - 163*m + 4 + 0. Let y be h(2). Let p = y - -524. Is p a prime number?
False
Let g = 1 - -5. Suppose -4 - g = -2*u. Let d = 16 - u. Is d prime?
True
Let c = -24 + 27. Is (-1)/c*(-1464 + 3) a composite number?
False
Let w(y) = 80*y**2 - 2*y + 8. Let t be w(6). Suppose 3*s - t = -5*k + s, -3 = -s. Suppose -x - 2*x = m - 182, 0 = 3*m + 2*x - k. Is m a prime number?
False
Suppose -306 - 2146 = -4*b. Suppose -5*n + b = -12. Suppose -n = -3*a + 508. Is a a prime number?
True
Suppose 0 = -14*u + 11*u. Suppose u*s - 3*s + 489 = 0. Is s prime?
True
Suppose -3*k = -4*k + 2, -3*f + 2368 = -k. Suppose 0 = -2*i - f - 17350. Is (2/4)/((-5)/i) a composite number?
False
Let d = -2 + 4. Suppose -10 = -4*i + 2*b, -2*i = d*b - 5 + 3. Suppose i*c = k - 3*k + 226, -585 = -5*k + 5*c. Is k prime?
False
Let g be 1 - -3 - (-644)/2. Suppose 2*w + 3*w + 3*r = -518, 3*w = 2*r - g. Let d = 37 - w. Is d a composite number?
True
Let l be 8*(-5)/10 - 29830. Let f = l + 44190. Is f/20 + (-8)/10 prime?
False
Let z = -92 + 92. Suppose 2*m - 2791 - 1195 = z. Is m a prime number?
True
Let v be (-6)/(-4)*(-3 - -7). Suppose 3*k + 1163 = 4*b, -b + 3*k = -v*b + 1474. Is b composite?
False
Let u(a) = a + 2. Suppose -w - 1 = -2*w. Let s be u(w). Suppose -s*k + 104 + 673 = 0. Is k a composite number?
True
Suppose 0 = -y + 30 - 2. Suppose -33*p + y*p = -1165. Is p composite?
False
Let j(y) = 21*y - 29. Let t(h) = 15*h**2 - 1. Let d be t(1). Is j(d) a composite number?
True
Is (-180409)/(-10) + 3/(35 + -5) a prime number?
True
Let b(i) be the first derivative of -i**3/3 + 8*i**2 + 24*i - 5. Let s be b(18). Is (-1)/4 + (-1791)/s a prime number?
True
Let r = 11248 + -7979. Is r a prime number?
False
Let u = -519 + 1460. Is u composite?
False
Let t(i) be the first derivative of 13*i**4/12 - i**3 - 11*i**2/2 - 10*i + 8. Let s(b) be the first derivative of t(b). Is s(-8) a prime number?
False
Let a(p) = 158*p**2 + p + 1. Let n be ((-6)/(-24))/(1/12). Suppose n*b - 2 = -8. Is a(b) a prime number?
True
Let k(q) = -q**3 + 12*q**2 - 6*q - 2. Let u be k(7). Suppose -u = -4*h + h. Is h a composite number?
False
Let n(d) = -34*d - 29. Let o be n(-22). Let q = -48 + o. Is q a prime number?
False
Let n(t) be the first derivative of 143*t**4/4 + t**3 - t**2 - t - 1. Is n(2) a composite number?
False
Let t(w) = 29*w**2 + 23*w + 39. Is t(28) prime?
False
Is (-4)/(-22) - 1030140/(-660) prime?
False
Suppose 6*y + 124 = 2*y - 4*q, 2*q + 126 = -4*y. Let m = 10 - y. Let a = 149 + m. Is a prime?
True
Let a be 6*(4 - 28/6). Is 301 + (-2)/(-15) + a/30 a prime number?
False
Let m be 4/(-6)*(-35841)/13. Is (-16 - -13)*m/(-6) a composite number?
False
Let d(j) = 3930*j + 11. Is d(1) a prime number?
False
Suppose 6*y - 8*y + 2*s = -35558, y + 5*s = 17779. Is y a prime number?
False
Let n(t) = -t**3 + 22*t**2 + 23*t + 4. Let v be n(23). Suppose 5*o - 111 = 2*h, -5*o + v*h = -4*o - 15. Is o prime?
True
Let r(n) = -14*n**3 - 2*n**3 - 15 + n**3 + 11 - 2*n**2 + n. Let j be r(-3). Suppose -4*z + 632 = -j. Is z prime?
False
Let p(t) be the third derivative of 0*t - 1/6*t**3 + 5/12*t**4 - 3*t**2 + 0. Is p(8) prime?
True
Let j(h) = 3*h**3 + 14*h**2 + 39*h - 9. Is j(14) prime?
False
Let r(u) = -u**3 + 4*u**2 + u - 7. Let h be r(3). Suppose h*z = -730 + 1975. Is z a composite number?
True
Let s(x) = -4*x - 12 - 33*x**3 + 52*x**2 - 52*x**2 + 9. Suppose 4*z + 4 = -4. Is s(z) a composite number?
False
Let m = 75947 + -31908. Is m prime?
False
Suppose -7*u = -1 - 20. Suppose 23 = 2*a - s - 3, -4*s - 44 = -u*a. Is 24/a - (1 + -184) prime?
False
Let r be -13*3/(-12) - (-5)/(-20). Suppose 6*g - 5*g - 2*x - 6363 = 0, 0 = r*g + x - 19054. Is g a composite number?
False
Suppose -2*f + 5*d + 23 = 2*d, 3*f + d = 7. Suppose 5*w = -0*a + 5*a, -5*a = 2*w. Suppose 0*z + f*z - 212 = w. Is z composite?
False
Suppose 3*j - 63 = 12*j. Let k(d) = 1 + 1 - 26*d + 1. Is k(j) prime?
False
Suppose 0*z + z = 4. Let r be 10 - (-2 - -7 - 2). Suppose -z*x = -r*x + 30. Is x a prime number?
False
Let y(p) = p - 4. Let b be (4/(-8) - 1)*-4. Let t be y(b). Suppose 3*l + 0*z - 181 = -t*z, 3*l = -z + 179. Is l prime?
True
Let v(x) = -222*x**3 + 2*x**2 + 3*x + 2. Is v(-1) composite?
False
Let v be 2/4 - -1*(-23950)/(-4). Suppose 0 = 4*q + 2*q - v. Is q composite?
True
Let q(v) = -3348*v**3 + 2*v**2 - 2*v - 3. Let m be q(-1). Let d = m + -1910. Is d composite?
False
Let k = -504 - -1087. Is k composite?
True
Is (-36)/(-48)*215392/24 composite?
True
Let v be (-12 + 9)/((-1)/83). Let g = v - -159. Let w = -242 + g. Is w composite?
True
Let h = -2 + 4. Suppose 5*z + 5 = -3*q - 1, -2*q - 4 = h*z. Suppose z = c + 74 - 265. Is c prime?
True
Suppose 2*n = -4*w + 44 - 12, 2*n = -w + 2. Suppose 4*d - 5*a - 12 = 0, -3*d + 4*a + w - 1 = 0. Is -1*74*d/(-6) composite?
False
Suppose t - 120 = -4*w, 3*t - 58 = -4*w + 270. Let z be 362*(-2 + (-10)/(-4)). Let y = z - t. Is y a composite number?
True
Suppose -3*o + 11 = 4*f, -10 - 22 = 4*o - 4*f. Is (o - -7) + 106 + 1 a prime number?
False
Let y(g) = g**3 + 11*g**2 + 12*g + 25. Let b be y(-10). Suppose -2*w + 1342 = b*s, w - 4*w + 5*s = -2063. Is w a prime number?
False
Let d(y) = -y**3 + 9*y**2 - 7*y + 2. Let k be d(7). Suppose -2*i = -i - k. Is i composite?
True
Let b(a) = -2304*a + 59. Is b(-2) a composite number?
True
Let j(v) = 53*v**2 + 20*v + 25. Is j(12) composite?
True
Suppose 218*l - 949141 = 189*l. Is l a prime number?
False
Suppose -8*d = -4*f - 12*d + 16720, -f - 5*d = -4188. Is f a composite number?
True
Let u = -3 - -6. Suppose l = 3*w - u, 2*w - 9 = 3*w + 3*l. Suppose w*d - 2*d = -502. Is d a composite number?
False
Suppose -10*u = 18670 - 4960. Is (2/3)/((-2)/u) a composite number?
False
Suppose 23*p - 182418 = 15589. Is p a prime number?
True
Let a(m) = -2 + 23*m + 34*m - 5*m - 7. Is a(5) a composite number?
False
Suppose -2*j + 1881 = 305. Suppose j - 112 = 4*l. Is l a prime number?
False
Suppose -14 = 3*y - 17, -2*y - 153722 = -4*u. Is u a composite number?
False
Let p(n) = -99*n + 1. Suppose 4*o = 2*s + 4, s + 7 + 2 = -5*o. Let h be p(o). Suppose 0 = 5*l + 5*j - 105 - h, -j = 2. Is l a prime number?
True
Suppose -3*q - 2606 = -p + 922, 4*p - 14082 = -3*q. Let j = 4981 - p. Is j prime?
True
Suppose 0 = -2*k + 9 - 1. Let h be k + 0 + 2355/3. Suppose 2*g + 5*f = 1564, -h = -g + f - 0*f. Is g composite?
False
Suppose x - 9113 = 5*h, 3*h = 3*x + 5*h - 27339. Is x composite?
True
Suppose -12 = 3*n, 0 = 3*y - 5*y + 2*n + 12. Let x be 29 + -3 + (-6)/(-2). Suppose -d + 3*o = -y*d + x, 3*o - 169 = -5*d. Is d prime?
False
Let r = 5 + -3. Let f be (r - (-22)/(-6))*-3. Suppose f*s - 586 = 999. Is s a composite number?
False
Suppose 392 - 197 = -15*l. Let h(n) = 0*n**2 + 2 + 12*n + 2*n**2 + 10. Is h(l) composite?
True
Let s(c) = c**2 - 2*c + 2. Let w be s(2). Is (-4)/w*(-4038)/12 a composite number?
False
Suppose -4*x = 3*z - 5*x + 4, -4*z + 5*x + 2 = 0. Suppose 5*t - 114 - 36 = 0. Is (z - t*-34)/2 a prime number?
True
Suppose -3*z - 10 = -5*z. Let v(y) = 281*y + 4. Is v(z) a prime number?
True
Suppose 26 + 37 = 9*b. Suppose -b*v = 7*v - 70546. Is v composite?
False
Let p(q) = q**3 + 26*q**2 - 28*q - 24. Let d be p(-27). Suppose -d*g - 3*r + 1620 = 0, -4*r + 2*r = -g + 546. Is g composite?
True
Let d = -60706 - -115223. Is d composite?
False
Suppose -o - 2*o = -4*n - 13719, -o + 2*n = -4575. Is o composite?
True
Let z(y) = -1407*y - 5. Let g = -31 + 27. Is z(g) a prime number?
True
Suppose p + 5*p - 6 = 0. Is (p - (-2 + 31))*158/(-8) composite?
True
Let i(r) = -3*r + 48. Let p be i(23). Let q = 36 + p. Is q a prime number?
False
Suppose -6 + 68 = 4*c - 5*a, 5*c - a = 67. Suppose c*o - 4499 = 2*o. Is o a prime number?
True
Let n(p) = -343*p + 139. Is n(-18) a composite number?
True
Let g(t) = t**2 + 5*t + 43. Suppose 0 = 4*b + 16, -2*b - 25 = 3*d - 4*b. Is g(d) a composite number?
False
Let w be (-6)/(-2)*2524/6. Let p